{"id":2,"date":"2023-05-22T06:54:39","date_gmt":"2023-05-22T06:54:39","guid":{"rendered":"https:\/\/mirvapauliina.fi\/?page_id=2"},"modified":"2025-08-25T11:58:37","modified_gmt":"2025-08-25T11:58:37","slug":"sample-page","status":"publish","type":"page","link":"https:\/\/mirvapauliina.fi\/?page_id=2","title":{"rendered":"Ruudun takana"},"content":{"rendered":"\n<p class=\"has-black-color has-text-color\"> Hei! Olen 31-vuotias kolmen pojan \u00e4iti, jonka intohimo on valokuvaus ja luova tekeminen. Kamera on kulkenut mukanani jo teini-ik\u00e4isest\u00e4 l\u00e4htien, ja kuvaan kaikkea, mik\u00e4 ymp\u00e4rill\u00e4ni tapahtuu. Joskus kuvat syntyv\u00e4t kameralla, v\u00e4lill\u00e4 ihan vain puhelimella, mutta t\u00e4rkeint\u00e4 on tallentaa tunne ja tarina.<\/p>\n\n\n\n<p>Opiskelen t\u00e4ll\u00e4 hetkell\u00e4 merkonomiksi ja etsin uutta suuntaa el\u00e4m\u00e4lle. Taide, musiikki ja kirjoittaminen ovat aina kiehtoneet minua, ja silloin t\u00e4ll\u00f6in kirjoittelen pieni\u00e4 tarinoita ihan omaksi ilokseni.<\/p>\n\n\n\n<figure class=\"wp-block-image size-large is-resized is-style-default\"><img loading=\"lazy\" decoding=\"async\" width=\"683\" height=\"1024\" src=\"https:\/\/mirvapauliina.fi\/wp-content\/uploads\/2025\/08\/Some-juttua-026-683x1024.jpg\" alt=\"\" class=\"wp-image-350\" style=\"aspect-ratio:0.7995991983967936;width:381px;height:auto\" srcset=\"https:\/\/mirvapauliina.fi\/wp-content\/uploads\/2025\/08\/Some-juttua-026-683x1024.jpg 683w, https:\/\/mirvapauliina.fi\/wp-content\/uploads\/2025\/08\/Some-juttua-026-200x300.jpg 200w, https:\/\/mirvapauliina.fi\/wp-content\/uploads\/2025\/08\/Some-juttua-026-768x1152.jpg 768w, https:\/\/mirvapauliina.fi\/wp-content\/uploads\/2025\/08\/Some-juttua-026-1024x1536.jpg 1024w, https:\/\/mirvapauliina.fi\/wp-content\/uploads\/2025\/08\/Some-juttua-026-1365x2048.jpg 1365w, https:\/\/mirvapauliina.fi\/wp-content\/uploads\/2025\/08\/Some-juttua-026-300x450.jpg 300w, https:\/\/mirvapauliina.fi\/wp-content\/uploads\/2025\/08\/Some-juttua-026-850x1275.jpg 850w, https:\/\/mirvapauliina.fi\/wp-content\/uploads\/2025\/08\/Some-juttua-026-scaled.jpg 1707w\" sizes=\"auto, (max-width: 683px) 100vw, 683px\" \/><\/figure>\n\n\n\n<p class=\"has-black-color has-text-color\">Blogi on minulle paikka, jossa voin jakaa valokuvia ja tarinoita el\u00e4m\u00e4st\u00e4ni &lt;3<\/p>\n\n\n\n<p><\/p>\n","protected":false},"excerpt":{"rendered":"<p>Hei! Olen 31-vuotias kolmen pojan \u00e4iti, jonka intohimo on valokuvaus ja luova tekeminen. Kamera on kulkenut mukanani jo teini-ik\u00e4isest\u00e4 l\u00e4htien, ja kuvaan kaikkea, mik\u00e4 ymp\u00e4rill\u00e4ni tapahtuu. Joskus kuvat syntyv\u00e4t kameralla, v\u00e4lill\u00e4 ihan vain puhelimella, mutta t\u00e4rkeint\u00e4 on tallentaa tunne ja tarina. Opiskelen t\u00e4ll\u00e4 hetkell\u00e4 merkonomiksi ja etsin uutta suuntaa el\u00e4m\u00e4lle. Taide, musiikki ja kirjoittaminen ovat&#8230;<\/p>\n","protected":false},"author":1,"featured_media":0,"parent":0,"menu_order":0,"comment_status":"closed","ping_status":"open","template":"","meta":{"footnotes":""},"class_list":["post-2","page","type-page","status-publish","hentry"],"jetpack_sharing_enabled":true,"_links":{"self":[{"href":"https:\/\/mirvapauliina.fi\/index.php?rest_route=\/wp\/v2\/pages\/2","targetHints":{"allow":["GET"]}}],"collection":[{"href":"https:\/\/mirvapauliina.fi\/index.php?rest_route=\/wp\/v2\/pages"}],"about":[{"href":"https:\/\/mirvapauliina.fi\/index.php?rest_route=\/wp\/v2\/types\/page"}],"author":[{"embeddable":true,"href":"https:\/\/mirvapauliina.fi\/index.php?rest_route=\/wp\/v2\/users\/1"}],"replies":[{"embeddable":true,"href":"https:\/\/mirvapauliina.fi\/index.php?rest_route=%2Fwp%2Fv2%2Fcomments&post=2"}],"version-history":[{"count":6,"href":"https:\/\/mirvapauliina.fi\/index.php?rest_route=\/wp\/v2\/pages\/2\/revisions"}],"predecessor-version":[{"id":352,"href":"https:\/\/mirvapauliina.fi\/index.php?rest_route=\/wp\/v2\/pages\/2\/revisions\/352"}],"wp:attachment":[{"href":"https:\/\/mirvapauliina.fi\/index.php?rest_route=%2Fwp%2Fv2%2Fmedia&parent=2"}],"curies":[{"name":"wp","href":"https:\/\/api.w.org\/{rel}","templated":true}]}}

<p class="has-black-color has-text-color"> Hei! Olen 31-vuotias kolmen pojan äiti, jonka intohimo on valokuvaus ja luova tekeminen. Kamera on kulkenut mukanani jo teini-ikäisestä lähtien, ja kuvaan kaikkea, mikä ympärilläni tapahtuu. Joskus kuvat syntyvät kameralla, välillä ihan vain puhelimella, mutta tärkeintä on tallentaa tunne ja tarina.</p>



<p>Opiskelen tällä hetkellä merkonomiksi ja etsin uutta suuntaa elämälle. Taide, musiikki ja kirjoittaminen ovat aina kiehtoneet minua, ja silloin tällöin kirjoittelen pieniä tarinoita ihan omaksi ilokseni.</p>



<figure class="wp-block-image size-large is-resized is-style-default"><img loading="lazy" decoding="async" width="683" height="1024" src="https://mirvapauliina.fi/wp-content/uploads/2025/08/Some-juttua-026-683x1024.jpg" alt="" class="wp-image-350" style="aspect-ratio:0.7995991983967936;width:381px;height:auto" srcset="https://mirvapauliina.fi/wp-content/uploads/2025/08/Some-juttua-026-683x1024.jpg 683w, https://mirvapauliina.fi/wp-content/uploads/2025/08/Some-juttua-026-200x300.jpg 200w, https://mirvapauliina.fi/wp-content/uploads/2025/08/Some-juttua-026-768x1152.jpg 768w, https://mirvapauliina.fi/wp-content/uploads/2025/08/Some-juttua-026-1024x1536.jpg 1024w, https://mirvapauliina.fi/wp-content/uploads/2025/08/Some-juttua-026-1365x2048.jpg 1365w, https://mirvapauliina.fi/wp-content/uploads/2025/08/Some-juttua-026-300x450.jpg 300w, https://mirvapauliina.fi/wp-content/uploads/2025/08/Some-juttua-026-850x1275.jpg 850w, https://mirvapauliina.fi/wp-content/uploads/2025/08/Some-juttua-026-scaled.jpg 1707w" sizes="auto, (max-width: 683px) 100vw, 683px" /></figure>



<p class="has-black-color has-text-color">Blogi on minulle paikka, jossa voin jakaa valokuvia ja tarinoita elämästäni &lt;3</p>



<p></p>

<p>Hei! Olen 31-vuotias kolmen pojan äiti, jonka intohimo on valokuvaus ja luova tekeminen. Kamera on kulkenut mukanani jo teini-ikäisestä lähtien, ja kuvaan kaikkea, mikä ympärilläni tapahtuu. Joskus kuvat syntyvät kameralla, välillä ihan vain puhelimella, mutta tärkeintä on tallentaa tunne ja tarina. Opiskelen tällä hetkellä merkonomiksi ja etsin uutta suuntaa elämälle. Taide, musiikki ja kirjoittaminen ovat&#8230;</p>
